+ 70 is divided by 33.
29
Let y(c) = 301*c + 6115. Calculate the remainder when y(7) is divided by 18.
14
Suppose 0 = -3*z - 2*z + 10, 0 = 2*k + 2*z + 138. Let h = 66 + k. What is the remainder when (0 - (-4)/(-1))*h is divided by 11?
9
Let t be 2/(((-15)/(-6))/5). Suppose t*y - 3*y - 13 = 0. Calculate the remainder when y is divided by 2/4*(-2 - -16).
6
Suppose 43*o - 154 = 283 + 466. Let g = 15 + -9. What is the remainder when 74/(-3*(-2)/g) is divided by o?
11
Let g(v) = 2*v**2 + 4*v + 5. Let b be g(-2). Suppose 10*f + 2*z + 52 = b*f, -z = -2*f - 28. Let s = 16 - f. Calculate the remainder when 81 is divided by s.
25
Let b = -33879 - -33889. Let m = 276 - 168. What is the remainder when m is divided by b?
8
What is the remainder when 1252 is divided by 104/(-8) - 0 - -20?
6
Let n(q) = -q**2 + 33*q - 134. Calculate the remainder when 1567 is divided by n(6).
27
Calculate the remainder when 48/64*2248/6 is divided by 128.
25
Suppose -3*v + 3 = 0, -22*o + 25*o - 4*v - 683 = 0. Calculate the remainder when o is divided by 209.
20
Let j(q) = 60*q + 2222. Suppose -4*z + 63 = -5*w, 2*z + 2*w - 7 = 29. What is the remainder when j(-36) is divided by z?
11
Suppose 27*t - 7930 - 1277 = 0. Calculate the remainder when t is divided by 156.
29
Let k be (-6)/(-39) - (-56)/(-26). Let w = -721 - -725. Calculate the remainder when ((-364)/42)/(k/3) is divided by w.
1
Suppose -3*d = 3*p + 132, -2*d + 5*p = -0*d + 81. Let y = -33 - d. Calculate the remainder when 560/30 - (-2)/6 is divided by y.
9
Let o(t) = 215*t - 2282. Calculate the remainder when o(19) is divided by 13.
9
Let r be 6*7 + (-1 - -2). Let i(g) = -g**3 - 18*g**2 + 14*g + 14. Let m be i(-19). Let u = m - r. Calculate the remainder when u is divided by 35.
31
Let p(n) = -4*n**3 - 6*n**2 + 15 + 13*n**3 - 4*n**2 - 8*n**3. Calculate the remainder when p(10) is divided by 3.
0
Let z(l) = 4*l + 19*l**2 + 21*l + 24 - 8*l - 15*l**2 - 8*l. Calculate the remainder when 116 is divided by z(-3).
17
Let q(t) = 1486*t - 15025. What is the remainder when q(12) is divided by 74?
69
Suppose l = 5*o + 1524, -o - 6*l - 288 = -2*l. Let p = o - -306. Calculate the remainder when p is divided by 2.
0
Let t(k) = 2*k**2 + 22*k - 21. Let m be t(-12). Suppose -m*s = -2*j - 234 - 358, 0 = -5*j - 10. Calculate the remainder when s is divided by 6.
4
Suppose -15*u - 44 = -16*u. Calculate the remainder when 116 is divided by (80/(-14))/(u/(-7) + 6).
16
Let a(g) = g**3 - 22*g**2 + 29*g - 14. Let r be a(22). Suppose r = -9*z + 13*z. Suppose -z*i + 34 = -154*i. Calculate the remainder when 82 is divided by i.
14
Let n(k) = -48*k**3 + 2*k**2 + k. Let p be n(-1). Suppose 3*z - 14 = p. Calculate the remainder when ((-5)/(-20))/1*-12 - -168 is divided by z.
18
Let y = -653 - -993. Let v = y + -286. What is the remainder when v is divided by 5?
4
Let l(s) = -21*s**3 - 3*s**2 + s + 6. Let p be l(-2). Suppose -8*g = -0*g - p. What is the remainder when 64 is divided by ((-176)/g + 2)/((-1)/5)?
30
Let m be 106*(-7)/(-42)*9/(-3). Let x = m - -67. Calculate the remainder when (-101)/(-2) - 6/12 is divided by x.
8
Let k(n) = -3*n + 26. Calculate the remainder when k(-22) is divided by 15.
2
Let z be (-1)/(-2*4/40). Suppose h + 5*j = 31, 7*j - 99 = -z*h + 10*j. What is the remainder when 29 is divided by h?
8
Suppose 0 = t + 4*y - 1, 0 = 2*t + 5*y - 2*y - 7. Suppose -21 = -3*r + 3*d + 192, -5*d = t*r - 355. Calculate the remainder when r is divided by 40.
31
Let m = -4095 + 4200. Calculate the remainder when m is divided by (39/91)/((-2)/(-182)).
27
Let u be (1 + 77)*32/48. Let q = u + -128. Let h = q + 145. Calculate the remainder when h is divided by 10.
9
Let t(j) = -j**2 + 12*j + 5. Let d be t(11). Suppose 0 = -9*u + d*u + 70. What is the remainder when 25 is divided by (-3 - 45/u)*6?
7
Let r be ((-130)/3)/((-11)/(-33)). Let h = r + 62. Let k = 106 + h. What is the remainder when k is divided by 11?
5
Suppose 41*b + 89 = 301 + 75. Calculate the remainder when 54 + (0 - 0) + -1 is divided by b.
4
Suppose 5*u = 56 + 44. Let y be (8/u)/((-1)/15). Calculate the remainder when 27 is divided by 4 + y*5/(-15).
3
Let q(v) be the third derivative of v**6/5 - v**5/30 + v**4/8 - v**3/3 + 96*v**2. Let a = -4 + 5. Calculate the remainder when 42 is divided by q(a).
19
Let b(i) = -i**2 - 3*i + 10. Let a be b(-4). Suppose a*n - 455 = -149. Calculate the remainder when n is divided by (66/(-9))/((-2)/3).
7
Suppose -4*x = -4*i + 220, 3*i - 11*x - 165 = -13*x. Calculate the remainder when 162 is divided by i.
52
Let m = 7056 - 6248. Calculate the remainder when m is divided by 81.
79
Suppose 2*w - 74 = 5*z, -4*w - 4*z = -5*w + 37. Calculate the remainder when 182 is divided by w.
34
Suppose -5*f = -2*f - 39. Calculate the remainder when 110/(4 - (-30)/(-8)) is divided by f.
11
Calculate the remainder when 87 is divided by (-6)/((-9)/2 + -13 + -5 + 22).
3
Suppose 0*p = 5*p - 2*k - 1650, 0 = -4*k - 20. Suppose 336*q - 1608 = p*q. What is the remainder when q is divided by 41?
37
Suppose -8*l + 23*l + 401 = 1361. What is the remainder when 3775 is divided by l?
63
Let s be ((-20)/(-6))/((-3)/(-81)). Suppose -s*c = -84*c - 246. What is the remainder when c is divided by 6?
5
Suppose 936*v = 940*v - 76. What is the remainder when 126 is divided by v?
12
Let l(r) = 21*r - 63. Let q be l(3). Suppose 95*s - 97*s + 16 = q. Calculate the remainder when 189 is divided by s.
5
Let x(l) = -2*l**2 + 117*l + 16. Let j(t) = -t**2 + t - 5. Let f(a) = -5*j(a) + x(a). Calculate the remainder when 10 is divided by f(-37).
2
Suppose m = 5*h - 2177, -56*h + 61*h - 2189 = -3*m. Calculate the remainder when h is divided by 41.
26
Let v(k) = -24*k + 11. Let c(b) = -25*b + 7. Let y(n) = -6*c(n) + 5*v(n). Calculate the remainder when y(12) is divided by 24.
13
Suppose w + 4*w - 6*w = 0. Calculate the remainder when 119 is divided by (w - -5) + 46 + -10.
37
Calculate the remainder when (-1937)/52*6*-2 is divided by 56.
55
Let i be (-122)/(3 - 1/1). Let x = i - -338. Calculate the remainder when x is divided by 14.
11
Suppose -22*w + 2142 = -13*w. Calculate the remainder when w is divided by 208.
30
Let g(x) = 12*x - 1. Let k(y) = y**2 - 6*y + 2. Let b = -23 + 31. What is the remainder when k(b) is divided by g(1)?
7
Let m(s) = 17*s**2 + s - 14. Let y(q) = 18*q**2 + 2*q - 17. Let b(r) = 6*m(r) - 5*y(r). What is the remainder when b(5) is divided by 96?
89
Let a be 328 - (9 + (-5 - -2)). Let p = a + -294. What is the remainder when 79 is divided by p?
23
Suppose 9*t - 5*t - 4*u - 44 = 0, -3*t + 4*u + 34 = 0. Suppose 2*h - 15 - 37 = 0. Calculate the remainder when h is divided by t.
6
Let k = -1863 + 1948. Calculate the remainder when 305 is divided by k.
50
Suppose 4*u = -2*d + 204, -41*u + 40*u = -d - 54. Calculate the remainder when 118 is divided by u.
14
Suppose -n - 4*n + 10 = k, 5*n - 2*k = 25. Suppose -5*z + g = -n*g - 40, 0 = 3*g - 15. What is the remainder when 370 is divided by z?
10
Suppose -95*l - 79*l + 209 = -5185. What is the remainder when 1023 is divided by l?
0
Let w(s) = 70*s**2 - 188*s - 567. Calculate the remainder when w(-3) is divided by 29.
18
Suppose 5*s + 733*h = 739*h + 13283, 0 = s - h - 2655. Calculate the remainder when s is divided by 241.
237
Suppose 34 + 10 = 11*b. Suppose -g - b*m = -2, 0*g = -4*g + 5*m + 8. Suppose -g*v + 18*v - 320 = 0. Calculate the remainder when v is divided by 11.
9
Let w = 263 + -188. Calculate the remainder when 102 is divided by 351/12 + w/(-60).
18
Let k(b) = 60*b. Let s(c) be the first derivative of 5*c**3/3 - 15*c**2 + 32*c - 70. What is the remainder when k(1) is divided by s(5)?
4
Let b be -2*(-554)/(24/(-2 + 8)). Let o = 297 - b. What is the remainder when o is divided by (2/4)/(2/44)?
9
Let g = 522 + -471. Suppose 0 = 4*v - v - g. What is the remainder when 50 is divided by v?
16
Suppose 14*x - 13*x = a - 2, 6 = 4*a - 2*x. Calculate the remainder when (((-391)/(-4))/(-17))/(a/(-12)) is divided by 19.
12
Let h(u) = -24*u**2 - 2*u + 103. Calculate the remainder when h(0) is divided by 63.
40
Suppose m + 11 = 84. Calculate the remainder when 330/(-20)*(-208)/24 is divided by m.
70
Let n = 32 - 24. Suppose -3*d + 12 = 0, 2*x + n = -3*d + 6*d. Calculate the remainder when 58 is divided by x/(-2)*-34*(-4)/(-8).
7
Let